53326.
2, 7, 13, 293
What are the prime factors of 23850378?
2, 3, 1325021
What are the prime factors of 907629?
3, 97, 3119
What are the prime factors of 33985?
5, 7, 971
List the prime factors of 1139745.
3, 5, 75983
What are the prime factors of 1055474?
2, 7, 75391
List the prime factors of 648888.
2, 3, 19, 1423
List the prime factors of 5175643.
11, 470513
List the prime factors of 143521.
7, 29, 101
List the prime factors of 520901.
47, 11083
What are the prime factors of 1773934?
2, 886967
What are the prime factors of 3740606?
2, 19, 173, 569
What are the prime factors of 1579849?
457, 3457
List the prime factors of 14491655.
5, 41, 223, 317
List the prime factors of 955836.
2, 3, 7, 3793
List the prime factors of 1497662.
2, 748831
What are the prime factors of 11135504?
2, 307, 2267
List the prime factors of 271300.
2, 5, 2713
List the prime factors of 211509.
3, 71, 331
List the prime factors of 15031093.
7, 11, 79, 353
What are the prime factors of 835745?
5, 167149
What are the prime factors of 325215?
3, 5, 11, 73
List the prime factors of 46951.
29, 1619
What are the prime factors of 44003?
79, 557
List the prime factors of 617707.
617707
List the prime factors of 53154.
2, 3, 2953
What are the prime factors of 745871?
7, 127, 839
What are the prime factors of 1790560?
2, 5, 19, 31
What are the prime factors of 35232469?
47, 139, 5393
List the prime factors of 861343.
7, 123049
List the prime factors of 856376.
2, 167, 641
List the prime factors of 23823.
3, 2647
What are the prime factors of 2952156?
2, 3, 37, 61, 109
What are the prime factors of 359395?
5, 71879
List the prime factors of 116388.
2, 3, 53, 61
List the prime factors of 1900346.
2, 7, 149, 911
List the prime factors of 2409565.
5, 139, 3467
List the prime factors of 341695.
5, 37, 1847
What are the prime factors of 125578?
2, 37, 1697
What are the prime factors of 28203655?
5, 61, 89, 1039
What are the prime factors of 31223010?
2, 3, 5, 7, 13, 11437
List the prime factors of 320862.
2, 3, 53, 1009
List the prime factors of 1867958.
2, 933979
What are the prime factors of 1422524?
2, 349, 1019
What are the prime factors of 1029447?
3, 107, 1069
List the prime factors of 803870.
2, 5, 80387
List the prime factors of 3654174.
2, 3, 29, 21001
What are the prime factors of 430653?
3, 143551
What are the prime factors of 153682?
2, 43, 1787
What are the prime factors of 5527545?
3, 5, 29, 97, 131
List the prime factors of 12767857.
12767857
What are the prime factors of 1494103?
13, 19, 23, 263
List the prime factors of 67564.
2, 7, 19, 127
What are the prime factors of 1483972?
2, 7, 52999
List the prime factors of 2681629.
1087, 2467
List the prime factors of 3019763.
3019763
List the prime factors of 13171120.
2, 5, 61, 2699
What are the prime factors of 4165356?
2, 3, 13, 26701
List the prime factors of 1691774.
2, 7, 61, 283
List the prime factors of 755969.
755969
List the prime factors of 63721.
7, 9103
List the prime factors of 112833.
3, 7, 199
What are the prime factors of 7695585?
3, 5, 29, 5897
What are the prime factors of 3129497?
7, 37, 43, 281
List the prime factors of 1943.
29, 67
What are the prime factors of 94688?
2, 11, 269
List the prime factors of 14198235.
3, 5, 946549
List the prime factors of 1244073.
3, 414691
List the prime factors of 6339774.
2, 3, 7, 271, 557
What are the prime factors of 315545?
5, 223, 283
What are the prime factors of 17548204?
2, 157, 27943
What are the prime factors of 315332?
2, 31, 2543
What are the prime factors of 28525003?
13, 61, 2767
What are the prime factors of 21691603?
151, 143653
What are the prime factors of 658549?
658549
What are the prime factors of 1677499?
1677499
What are the prime factors of 2196931?
11, 199721
List the prime factors of 2133924.
2, 3, 13, 13679
List the prime factors of 8351486.
2, 11, 13, 29201
What are the prime factors of 3453176?
2, 17, 25391
What are the prime factors of 339459?
3, 113153
What are the prime factors of 55303?
29, 1907
List the prime factors of 3128055.
3, 5, 7, 31
List the prime factors of 95257.
95257
List the prime factors of 8075444.
2, 13, 97, 1601
What are the prime factors of 2551711?
911, 2801
What are the prime factors of 5656256?
2, 88379
List the prime factors of 4531505.
5, 11, 47, 1753
List the prime factors of 2650211.
2650211
List the prime factors of 8507194.
2, 23, 79, 2341
List the prime factors of 384585.
3, 5, 25639
What are the prime factors of 9308625?
3, 5, 103, 241
What are the prime factors of 22389138?
2, 3, 1243841
What are the prime factors of 145166?
2, 7, 10369
List the prime factors of 252123.
3, 31, 2711
What are the prime factors of 1900059?
3, 7, 173, 523
What are the prime factors of 347002?
2, 173501
What are the prime factors of 2219164?
2, 554791
List the prime factors of 5469672.
2, 3, 13, 47, 373
What are the prime factors of 217404?
2, 3, 11, 61
What are the prime factors of 8747085?
3, 5, 583139
List the prime factors of 377983.
31, 89, 137
What are the prime factors of 68478?
2, 3, 101, 113
What are the prime factors of 14682241?
7, 89, 23567
What are the prime factors of 416021?
643, 647
What are the prime factors of 1425392?
2, 89087
List the prime factors of 1292899.
23, 67, 839
List the prime factors of 2909579.
199, 14621
What are the prime factors of 1361907?
3, 50441
What are the prime factors of 10054703?
23, 83, 229
What are the prime factors of 2118638?
2, 139, 7621
What are the prime factors of 822492?
2, 3, 11, 31, 67
List the prime factors of 330908.
2, 82727
What are the prime factors of 213421?
13, 16417
List the prime factors of 215951.
17, 12703
List the prime factors of 1403496.
2, 3, 101, 193
List the prime factors of 2239864.
2, 11, 25453
List the prime factors of 2523830.
2, 5, 252383
List the prime factors of 2277345.
3, 5, 7, 23, 41
What are the prime factors of 3596353?
3596353
What are the prime factors of 1525055?
5, 7, 43573
What are the prime factors of 71066?
2, 35533
List the prime factors of 11839866.
2, 3, 227, 8693
List the prime factors of 363362.
2, 97, 1873
What are the prime factors of 18269912?
2, 23, 31, 3203
What are the prime factors of 381785?
5, 29, 2633
List the prime factors of 459979.
13, 41, 863
List the prime factors of 534497.
17, 23, 1367
List the prime factors of 11492718.
2, 3, 37, 51769
List the prime factors of 2602666.
2, 11, 17, 6959
List the prime factors of 1046550.
2, 3, 5, 6977
What are the prime factors of 107424?
2, 3, 373
What are the prime factors of 540995?
5, 7, 13, 29, 41
List the prime factors of 3065107.
83, 36929
List the prime factors of 2387040.
2, 3, 5, 4973
List the prime factors of 15380426.
2, 1531, 5023
List the prime factors of 154945.
5, 7, 19, 233
What are the prime factors of 725131?
11, 65921
List the prime factors of 3041488.
2, 190093
What are the prime factors of 1719888?
2, 3, 35831
List the prime factors of 167815.
5, 33563
What are the prime factors of 1061963?
7, 211, 719
What are the prime factors of 278666?
2, 139333
What are the prime factors of 1042458?
2, 3, 173743
What are the prime factors of 53916?
2, 3, 4493
What are the prime factors of 1298151?
3, 97, 1487
What are the prime factors of 2689515?
3, 5, 59, 1013
List the prime factors of 247441.
349, 709
What are the prime factors of 6239865?
3, 5, 37, 11243
What are the prime factors of 2222912?
2, 47, 739
List the prime factors of 965100.
2, 3, 5, 3217
What are the prime factors of 14473608?
2, 3, 67, 9001
What are the prime factors of 7180953?
3, 13, 17, 10831
List the prime factors of 888612.
2, 3, 74051
List the prime factors of 779437.
19, 41023
List the prime factors of 265289.
61, 4349
List the prime factors of 1619753.
1619753
List the prime factors of 58555.
5, 7, 239
List the prime factors of 13460231.
31, 434201
List the prime factors of 577719.
3, 21397
What are the prime factors of 8802713?
2539, 3467
List the prime factors of 6366504.
2, 3, 265271
List the prime factors of 112976.
2, 23, 307
List the prime factors of 9718997.
1873, 5189
What are the prime factors of 7879751?
11, 653, 1097
List the prime factors of 2376208.
2, 148513
What are the prime factors of 322110?
2, 3, 5, 1193
What are the prime factors of 2278582?
2, 1139291
List the prime fact